4*q - 648, -4*r - 5*q = -235 + 1531. Let x be (-8)/3*r/16. What is the tens digit of (16/(-3))/((-9)/x)?
3
Suppose -5*w = -14*w + 14589. What is the units digit of w?
1
Suppose -4*t = -a - 154, 0*t - t - 3*a = -45. Suppose t*s = 40*s - 114. What is the units digit of s?
4
Let u be (-3)/6*(0 + -4). Suppose 0 = u*n - 5*n. What is the units digit of (n + -2)*15/(-6)?
5
Suppose -3 = r - 5*w, 4*w = -3*r - 0*w - 28. Let a(h) = 2*h**2 + 7*h - 9. What is the tens digit of a(r)?
6
Let v = -3911 + 6978. What is the units digit of v?
7
Suppose 4*g + 3955 = 9*k - 6*k, 5*k - 6607 = -g. What is the thousands digit of k?
1
Let i = 32 - 27. Suppose i*g = 489 + 121. What is the hundreds digit of g?
1
Suppose 94040 = -45*j + 85*j. What is the hundreds digit of j?
3
Let y be (110/15)/1*9. Suppose -y = -k - 2*k. Suppose -k = 2*v - 74. What is the units digit of v?
6
Suppose 5*b + 139260 = 49*b. What is the tens digit of b?
6
Let b be 6/(-9) + (-4)/(-6). Suppose b = -s + 4*m - 4, s - 5 = -3*m - 2*m. Suppose 3*q - 54 = -s*q. What is the units digit of q?
8
Let u(t) = -3*t - 10. Let v be u(-7). Suppose c + 0*c - 4*f - v = 0, -3*f - 44 = -4*c. What is the tens digit of c?
1
Suppose 2*i - 4*i = -6. Suppose 16 = 2*v + 2*s, i*v - 1 = v + s. Suppose -2*w = h + v*w - 8, 2*h - 4 = 2*w. What is the units digit of h?
3
Let o(f) = -f**2 - 6*f + 2. Suppose 3*x - 20 = a - 0, -3*x + 25 = -2*a. What is the units digit of o(a)?
7
Suppose 10*l = 5*l - 2*q + 21, 24 = 4*l - 2*q. Suppose -l*b + 2*p + 81 = 18, -3*p = b + 1. Suppose -c - b = 5*v - 285, 0 = c - 4. What is the units digit of v?
4
Let a = 3559 + -1119. What is the hundreds digit of a?
4
Let i = 180 + -92. Suppose n + 44 = 5*d - 36, 4*d + 4*n - i = 0. What is the units digit of d?
7
Let t = 14 + -10. Suppose -78 = -2*u - p - 0*p, p + t = 0. What is the units digit of u?
1
Let a be 28/4*(-3)/(-3). Let q be (a + -3 + -2)*23. Suppose -3*d - q = -2*x, -d - 14 = -x - 4*d. What is the tens digit of x?
2
Let x = 1590 + -374. What is the hundreds digit of x?
2
Let f(o) = -2*o**3 + 102*o**2 + 7*o - 177. What is the tens digit of f(51)?
8
Let p = -12 + 15. Suppose p*f + 237 = 5*s, 5*f = 9 - 4. What is the units digit of s?
8
Let y(l) = -l**3 - 17*l**2 - 46*l - 96. What is the units digit of y(-19)?
0
Let u(p) be the third derivative of 13*p**5/60 + p**4/6 + p**3/2 - 46*p**2. What is the tens digit of u(-1)?
1
Suppose 0 = 43*f - 35*f - 12872. What is the thousands digit of f?
1
Suppose 0 = 2*m - 3*m. Let p(t) be the second derivative of t**3/6 + 27*t**2/2 + 6*t. What is the tens digit of p(m)?
2
Suppose -4*i = 2*r - 1884, 23*i + 478 = 24*i + 4*r. What is the tens digit of i?
7
Suppose 38 = -0*s - s. Let g = -26 - s. What is the units digit of g?
2
Let j = -859 - -2920. What is the thousands digit of j?
2
Let q be 10/55 - (-588)/33. Suppose q*o - 12*o = 198. What is the units digit of o?
3
Let c = 6 - 4. Let h = c - 10. What is the tens digit of ((-14)/h)/((-1)/(-8))?
1
What is the thousands digit of 3 - 223301/(-143) - 6/11?
1
Let f be -3*1 - 248/(-4). Let h = f + -11. What is the tens digit of h?
4
Suppose 5*t - 10 + 35 = 0. Let a(b) = -2*b - 6. Let u be a(t). Suppose 0 = -2*g - u*w + 20, -4*w - 120 = -8*g + 3*g. What is the tens digit of g?
2
Let m = -39 - -66. Suppose v - m - 14 = 0. What is the units digit of v?
1
Suppose -1739 - 17907 = -19*c. What is the tens digit of c?
3
Suppose 14*i + 5*n = 13*i + 425, -3*n = -3*i + 1293. What is the units digit of i?
0
Suppose 0 = 4*r - 3*r + 26. Let z be (-6)/8 - r/(-8). Let c = 14 - z. What is the units digit of c?
8
Let w(g) = -2*g + 19. Suppose 18*d = 6*d. What is the tens digit of w(d)?
1
Let c(x) be the second derivative of 11*x**3/6 - 5*x**2 - x. Suppose 982*r - 64 = 966*r. What is the tens digit of c(r)?
3
Suppose 0 = 12*t - 22*t + 20. Suppose p = -c + 142, 0*c = t*p + 4*c - 276. What is the units digit of p?
6
Suppose -9*q + 13*q = 44. Suppose -180 + 2732 = q*n. What is the hundreds digit of n?
2
Let y(t) = 0*t + 3*t + 5 - 4*t + 12*t. What is the tens digit of y(3)?
3
Suppose -4*y = -4*f - 5988, -y + 2*f + 1801 = 308. What is the units digit of y?
1
Suppose 0*s = 6*s + 726. Let i = 174 + s. What is the tens digit of i?
5
What is the hundreds digit of 2*4/(-52) + 92197/91?
0
Let a(s) = 3*s**2 - 25*s + 122. What is the tens digit of a(8)?
1
Let g(q) = -q**2 - 1. Let k(h) = h**3 - 22*h**2 + 22*h + 3. Let m(t) = -4*g(t) + k(t). What is the tens digit of m(17)?
9
Let n(y) = y**3 - 12*y**2 + 10*y + 8. Let j(x) = -x**3 + 9 + 9*x + 2*x**3 - 11*x**2 - 1. Let v(m) = -3*j(m) + 2*n(m). What is the units digit of v(7)?
1
Suppose 5*r = -0*p + 2*p + 22, -2*r + 3 = 5*p. Suppose 0 = -r*l + l + 252. What is the units digit of l?
4
Suppose -41*f = 7*f - 2064. What is the tens digit of f?
4
Suppose u = -u - 5*t - 4, -3*u = -t - 11. Let w be (-8)/6*u/(-2). What is the units digit of 3 + 66/w - 0?
6
Suppose 0 = 4*v - 11*v + 7. What is the units digit of (4 - v)*1 + (-14 - -17)?
6
What is the tens digit of 7 - 9*(-211 - -13)?
8
Let n(h) = h**3 - h**2 + 6*h + 428. What is the tens digit of n(0)?
2
Let c(n) = n**3 + 53*n**2 + 55*n + 127. What is the units digit of c(-51)?
4
Let p(z) = -z**2 + 2*z - 42. Let m be p(0). Let r = m - -90. What is the tens digit of r?
4
What is the hundreds digit of 5 + 570 + 5 + 0?
5
Let d(g) = -g**3 + 8*g**2 - g - 1. Let w be d(8). Let q = 9 + w. Let h(z) = -z**3 + z + 18. What is the tens digit of h(q)?
1
Let j(b) = -9*b**2 + b + 172. What is the hundreds digit of j(0)?
1
Let i be 4 + 4/(-1) + 6. Suppose i*u = u + 445. What is the tens digit of u?
8
Let c = 70 + -68. Suppose -c*p + 100 = -26. What is the tens digit of p?
6
Let r be (-4)/12 - (-14)/6. Let c = 2 - r. What is the units digit of 6 + c/3 + -3?
3
Suppose -212 = 6*b - 3*b - 5*k, b = -4*k - 65. Let w be (-794)/(-8) + (-2)/8. Let s = w + b. What is the units digit of s?
0
Let t be (-141)/(-27) - (-6)/(-27). Suppose b = t + 4. Let j = 14 - b. What is the units digit of j?
5
Let d(t) = 4 + 2 - 4 + 23*t. What is the tens digit of d(2)?
4
Let o be 3/(-18) + 154/(-12). Let f = o - -110. What is the units digit of f?
7
Suppose 4*x + 4378 = 4*m + 9*x, -2*x = -4. What is the tens digit of m?
9
Suppose -66*h + 144478 = -20852. What is the hundreds digit of h?
5
Let w(h) = -h**3 + 22*h**2 + 18*h + 60. What is the tens digit of w(21)?
7
Let r(p) be the first derivative of -12*p**2 - 24*p + 15. What is the tens digit of r(-8)?
6
Suppose 0 = m + m. Suppose m*b - 10 = b. Let j(y) = -3*y + 4. What is the units digit of j(b)?
4
Let h(j) = 3329*j**2 + j + 5. What is the tens digit of h(-1)?
3
Suppose 5*a - 9*a + 12 = -5*j, -4*a = -4*j - 16. Let s(b) = 4*b + 4*b - 6 - b**2 + 2*b. What is the units digit of s(a)?
0
Suppose 0 = 5*r - 4*o - 20, 3*r + 1 = -0*o + 5*o. Suppose 3*p - 2*z = 2*z + 2, 0 = -2*p - 2*z - r. What is the tens digit of 1/((-2)/p)*23?
2
Suppose -5 = 5*p - 4*y - 29, -3*p + 2*y = -14. Suppose p*h + 235 = 991. What is the hundreds digit of h?
1
Let c(a) = a**3 - 6*a**2 - 27*a + 27. What is the thousands digit of c(15)?
1
Suppose 3*t - 3*j + 2 = -4, 0 = -5*t + 4*j - 5. Suppose -60 = -t*p - 6. Let s(o) = 2*o + 10. What is the units digit of s(p)?
6
Let x(n) = n**2 + 7*n - 10. Suppose -20 = 4*q + 12. Let c be x(q). What is the tens digit of c - (1 - (4 - -20))?
2
Suppose 4*p - 9 = c - 0, 0 = -2*c + 3*p - 3. Suppose 3*m - 9 = -5*v + 152, c*m + 9 = 0. What is the tens digit of v?
3
Let p = -34 - -45. Suppose -p*k + 1024 = -7*k. What is the hundreds digit of k?
2
Let o = -82 + 196. Suppose -8*u + 2*u = -o. What is the units digit of u?
9
Suppose -10 = -4*t - 2*i - 4, -4*t + 36 = -4*i. Suppose -t*u = -71 - 405. What is the hundreds digit of u?
1
Suppose 5*w = -o + 536, -24*w + 26*w = -5*o + 2565. What is the hundreds digit of o?
5
What is the thousands digit of 1498 + (1 - (-11)/((-33)/(-9)))?
1
Suppose m = -4*f + 4*m + 3, 5*f = m + 12. Suppose 404 = 5*p + 4*c - 348, 4*p + f*c = 602. What is the units digit of p?
2
Suppose -43*m - 14007 = -66*m. What is the units digit of m?
9
Suppose -9*w = -2*w. Suppose 2*x = 3*h + 5*x - 210, w = -h - 5*x + 54. What is the tens digit of h?
7
Suppose m = 5*g + 13, -2*g + 7 + 1 = 4*m. Suppose -m*k - 7 = -64. Let t = k - -1. What is the units digit of t?
0
Suppose 2*j + 39 = c, 54 = j - 3*j -